5. Let r be m(-11). Let o be 2/(-5) - r/10. What is the tens digit of 37 + (0 - 9/o)?
4
Let d be 729/(-2)*18/(-27). Let o = d + -61. What is the hundreds digit of o?
1
Let s = -5 + 2. Let x = 1 - 3. What is the tens digit of -1 + (s - x) - -28?
2
Suppose 0 = 9*n - 4657 - 5441. What is the hundreds digit of n?
1
Suppose -4*u + 10 = -j, -4*j + 2*u + 4 = j. Suppose j*r - 36 = 70. What is the units digit of r?
3
Let n be ((-36)/(-10))/((-48)/160). Let j(m) = m**2 + 11*m - 16. Let g be j(n). What is the units digit of 20 + 2 + g - -3?
1
Let k(m) = m**3 + m**2 - 3*m + 3. Let s be k(-3). Let z be (-170)/(-7) + s/21. Suppose -z = -3*u + 18. What is the units digit of u?
4
Let v(d) = 713*d + 526. What is the tens digit of v(8)?
3
Let m(b) = b + 5. Let a(g) be the first derivative of g**2 + 10*g - 2. Let q(p) = -6*a(p) + 13*m(p). What is the units digit of q(8)?
3
Suppose 60947 = 94*p - 212405. What is the units digit of p?
8
Let w be 12/42 + 766/14. Suppose -4*k = -9*k + w. What is the tens digit of k?
1
Let s(f) = f**3 - 15*f**2 + 25*f - 5. What is the units digit of s(21)?
6
Let q(a) be the third derivative of a**5/30 + 7*a**4/24 + 5*a**3/6 - 14*a**2. What is the tens digit of q(-7)?
5
Suppose -2*h - 2513 = -i, 7*h - 11*h = i - 2513. What is the tens digit of i?
1
Let l(t) = -t**3 + 5*t**2 - t - 3. Let v be l(3). Let n = v + 3. What is the tens digit of n?
1
Suppose 0 = -5*t - 81 + 1306. Suppose 4*a - 3*s = t, -310 = -5*a - 3*s + 6*s. What is the tens digit of a?
6
Let y(s) = 3*s + 45. Let f be y(-13). Suppose -44 = -f*q + 214. What is the tens digit of q?
4
Let x be (8/(-2))/(-3 + 2). Suppose 3*t = t, 0 = -5*m - x*t + 15. Suppose 2*w = -m*z + 31, 3*w + 4*z - 64 = -w. What is the tens digit of w?
1
Let a = -27 - -31. Suppose a*f - 719 = 3*t, 4*f - t - 256 = 469. Suppose d + 4*p - 41 = -0*p, -2*p = -4*d + f. What is the tens digit of d?
4
Let r = 109 - 34. Let a = 17 - r. Let u = -1 - a. What is the units digit of u?
7
Let v = -459 + 929. What is the units digit of v?
0
Suppose 0 = -u + 4*k + 2018, -4*u + 8106 = 14*k - 13*k. What is the thousands digit of u?
2
Let d(q) = -q**3 + 3*q**2 - 2. Let k be (-3 - -4)*(-4)/(-2). Let h be d(k). Suppose h*l - g = 12 + 10, 5*g = 5*l - 45. What is the units digit of l?
3
Let h be (4 - -11)*(-2)/(-5). Let a be h*(3 - (-2)/6). What is the units digit of (0 + -2)*(-250)/a?
5
What is the tens digit of 504 + (-1 - 1 - -4)?
0
Let w(g) = 12*g**2 + 5*g - 33. What is the units digit of w(-7)?
0
Let p be (258/(-30))/(1/5). Let s = p - -78. What is the tens digit of s?
3
Let b = 9 - 11. Let u be (116/(-16))/(b/8). Suppose -4 = -i, -2*i = o + 2*i - u. What is the tens digit of o?
1
Suppose 5*o + 0*m - 5 = m, -m = 2*o + 5. Suppose o = 39*a - 43*a + 184. What is the units digit of a?
6
Suppose -5*p + 86 = 16. Suppose p*q - 183 = 11*q. What is the tens digit of q?
6
Suppose -2*p - 48 = -2*d, -4*d = -9*d - p + 108. What is the units digit of d?
2
Let u(w) = -w + 7. Let y be u(5). Suppose 0 = y*x - 4*c - 378, -5*c + 3*c + 8 = 0. What is the tens digit of x?
9
Let n(l) = -26*l - 2. Let k(m) = 27*m + 2. Let u(y) = 5*k(y) + 6*n(y). What is the units digit of u(-9)?
7
Let m = 3 - 3. Let p = m - -58. What is the tens digit of p?
5
Suppose -11*o = -8*o - 9. Suppose u - g + 55 = o*g, 4*g = 20. Let t = -5 - u. What is the tens digit of t?
3
Suppose -4*b = 2*m - 1960, b = -4*b - 4*m + 2453. What is the hundreds digit of b?
4
Suppose 0 = 3*g - 7 - 5. Suppose -g*a + 0 = -12. What is the tens digit of a/4 - 212/(-16)?
1
Let g = -24 + 7. Let r = 80 - g. What is the units digit of r?
7
Let q = 232 - 363. Let j = -405 + 591. Let k = j + q. What is the tens digit of k?
5
Let b = 10949 + -6283. What is the tens digit of b?
6
Suppose 3*f + 2*m = 35, 4*f = -m + 5*m + 60. Let h = f + -8. Suppose -h*p = -90 - 75. What is the tens digit of p?
3
Let l = -1 + 6. Let h(n) = -2*n**3 + 15*n**2 + 9*n + 9. Let o(f) = 3*f**3 - 22*f**2 - 13*f - 14. Let y(r) = -7*h(r) - 5*o(r). What is the units digit of y(l)?
7
Let i be (5/(-3) - 10/(-15))*-2. Suppose 0 = -3*x + 4*j - 3*j + 19, 5*j + 4 = i*x. What is the units digit of x?
7
Let w = 315 - -406. What is the hundreds digit of w?
7
Let j = -292 + 203. Let g = 34 - j. What is the tens digit of g?
2
Suppose -4*f + 509 - 1380 = -n, 3*f + 870 = n. What is the hundreds digit of n?
8
Suppose 0*h + 70 = 5*j + 5*h, 0 = 3*j + 4*h - 46. Let y(c) = c**3 - 8*c**2 - 6*c - 12. What is the tens digit of y(j)?
2
Let z(o) = 14*o**3 - 6*o**2 + 7*o + 4*o**2 - 5*o + 8*o**3. What is the units digit of z(1)?
2
Let t(d) = -49*d - 143. What is the tens digit of t(-10)?
4
Suppose -2*p + 33 = -39. Let i = p - -13. What is the tens digit of i?
4
Let a(g) = g**2 + 13*g + 6. Let s be a(-13). Let h be (-3)/s*(2 - -4). What is the tens digit of (-127)/h + 5/(-15)?
4
Let r be 20/(1/1 + 1). Suppose r + 9 = c. Suppose -22*m - c = -23*m. What is the units digit of m?
9
Suppose 596 = -30*v + 20006. What is the units digit of v?
7
Let p(l) = -l**2 + 22*l + 32. Let h be p(23). Suppose -h*c + 4*c + 831 = d, -5*d - 327 = -2*c. What is the tens digit of c?
6
Suppose -6*b + 2477 + 475 = 0. What is the units digit of b?
2
What is the hundreds digit of (-2)/6*-786*(-1 + 2)?
2
Let h(t) = 79*t**2 - 3*t - 1. What is the tens digit of h(-2)?
2
Let j(a) = 85*a - 74. What is the units digit of j(8)?
6
Let k be (2/3)/(12/108). Let r = 2 - k. What is the units digit of r + 10 - (-3 + 1)?
8
Let z = 2179 + -1024. What is the tens digit of z?
5
Let s(l) = 42*l**2 + 2*l - 67. What is the hundreds digit of s(-6)?
4
Let q(x) = x**3 - 9*x**2 - 3*x - 2. Let y(n) = -3*n**3 + 18*n**2 + 6*n + 3. Let v(z) = 5*q(z) + 2*y(z). What is the tens digit of v(-9)?
2
Let t be 1 - 2 - (-9)/(-9). What is the units digit of (-1 - 23*t) + 3?
8
Suppose -4*h - 2*z = -7*z + 31, -4 = 4*h + 4*z. Let p be (-4)/h + (-2 - -201). Suppose 0*v + p = 5*v. What is the units digit of v?
0
Let x = 1629 - 1149. What is the hundreds digit of x?
4
Let k be (3 - 2)*(-3 + 186/3). Suppose k + 284 = 7*f. What is the units digit of f?
9
Suppose -5*p + g + 4*g = -2740, -4*g - 2737 = -5*p. What is the tens digit of p?
4
Let y be (-13)/26*(11 - -1). Let p be (y/4)/(2/16). Let q = p + 13. What is the units digit of q?
1
Let h(r) = -r**3 + 3*r**2 + 5*r - 4. Let m be h(5). Let n = m - -33. What is the units digit of n?
4
Suppose 53*j + 13502 = 203878. What is the units digit of j?
2
Suppose -10773 = -9*t - 1773. What is the hundreds digit of t?
0
Let g(v) = -v**3 + 10*v**2 - 9*v - 4. Let k be g(9). Let b = 17 + k. Suppose 0 = -5*m + 387 + b. What is the units digit of m?
0
What is the tens digit of (2/6 - 0)/((-1)/(-2658))?
8
Let a(p) = p**2 + p - 2. Let t be a(-2). Suppose 4*n + t = 5*u + 30, u = -2. Suppose 36 + 9 = n*z. What is the units digit of z?
9
Let y(s) = 409*s**2 + 3*s + 7. What is the units digit of y(2)?
9
Let x be 119 + 1 + 19 + -15. Let i = x - -2. What is the tens digit of i?
2
Let h = -58 - -102. Let y = h + -22. What is the tens digit of y?
2
Suppose -4*q + 896 = -5*i - 1141, 5*i + 1021 = 2*q. What is the units digit of q?
8
Let z = 416 + -688. Let r = z - -471. What is the hundreds digit of r?
1
Let i = 120 + -86. Let n = i + -15. Suppose 0 = 2*g - 65 + n. What is the tens digit of g?
2
Suppose 140*p - 136*p - 10384 = -3*g, 0 = -g - 3*p + 3468. What is the hundreds digit of g?
4
Let s(x) = x - 1. Let c(t) = t - 15. Let b(z) = c(z) - 5*s(z). What is the units digit of b(-16)?
4
Let s(j) = j**3 + 42*j**2 + 32*j + 21. What is the tens digit of s(-40)?
4
Let k(l) = 8*l**2 - 12*l**2 + 1 - l - 2 + 17*l**3 + 5*l**2. Let x be k(-1). Let t = 38 + x. What is the tens digit of t?
2
Let o = 24 + -12. Let i be (-2)/o + (-1750)/84. Let s = -10 - i. What is the tens digit of s?
1
Suppose 2*c + 4 = 12. Let n be (1 - -1)*3/6. What is the units digit of 2/c*(n - -1)?
1
Suppose 0*q + 2*v = 4*q - 882, v = 1. What is the tens digit of q?
2
Suppose 10*v - 3352 = 6*v + 4*l, 0 = -4*v + l + 3364. What is the tens digit of v?
4
Let j be (-42)/3*(-12)/14. Suppose j*h - 10*h = 50. What is the tens digit of h?
2
Let q(s) = -2*s**2 - 5*s + 11. Let h be q(-6). Let m = h + 59. What is the units digit of m?
8
What is the tens digit of (-1)/(((-26)/(-1220))/(-13)) + 6?
1
Let v(g) = 19*g**2 - 13*g - 33. What is the hundreds digit